{"id":24,"date":"2020-02-09T17:42:41","date_gmt":"2020-02-09T17:42:41","guid":{"rendered":"http:\/\/pixelpunkt.com\/?page_id=24"},"modified":"2023-11-13T17:30:13","modified_gmt":"2023-11-13T17:30:13","slug":"unternehmen","status":"publish","type":"page","link":"https:\/\/pixelpunkt.com\/?page_id=24","title":{"rendered":"Unternehmen"},"content":{"rendered":"\n<p><strong>Sie m\u00f6chten Ihr Unternehmen im Internet pr\u00e4sentieren ?<\/strong><\/p>\n\n\n\n<p>Wir entwickeln und gestalten seit 1998 Internetauftritte<\/p>\n\n\n\n<p>Unser Spektrum erstreckt sich von der kleinen Firmenpr\u00e4sentation mit wenigen Seiten bis hin zu einer umfangreichen Website mit der Sie Ihr Unternehmen ansprechend repr\u00e4sentieren. Mit einem Shop-System k\u00f6nnen Sie Ihre Waren oder Dienstleistungen im Internet verkaufen.<br> Kundenn\u00e4he und Serviceorientierung haben dabei f\u00fcr uns einen hohen Stellenwert.<\/p>\n\n\n\n<p><strong>WIR SCHLAGEN VOR, WAS SINNVOLL IST<\/strong><\/p>\n\n\n\n<p>Unser flexibles und sympathisches Team entwickelt mit Ihnen\/f\u00fcr Sie die professionelle Internetpr\u00e4sentation Ihrer Firma.<br>\nHierzu f\u00fchren wir ein pers\u00f6nliches Gespr\u00e4ch vor Ort, bei dem Ihre W\u00fcnsche und Anspr\u00fcche an eine Website in die Zielformulierung einflie\u00dfen. Wir erarbeiten eine Benutzer- und Kundenanalyse und liefern das Konzept f\u00fcr die inhaltliche und grafische Umsetzung.<\/p>\n\n\n\n<p><strong>WIR BERATEN SIE, WAS MACHBAR IST<\/strong><\/p>\n\n\n\n<p>Auch ein ansprechendes Webdesign sollte f\u00fcr den Nutzer mit m\u00f6glichst kurzen Ladezeiten verbunden sein, eine einfache Benutzerf\u00fchrung tr\u00e4gt zum Erfolg von Websites bei, grafische Elemente erh\u00f6hen den optischen Reiz. Eine gute Navigation durch die Seiten erleichtert dem Kunden das schnelle Auffinden gew\u00fcnschter Informationen. Kundeninformation, Verkauf und Service sind betriebliche Funktionen, die sehr gut ins Internet verlagert werden k\u00f6nnen. Die interaktive Komponente erm\u00f6glicht Ihren Kunden eine schnelle und bequeme Kontaktaufnahme.<\/p>\n\n\n\n<p><strong>SIE ENTSCHEIDEN &#8211; WIR SETZEN UM, UND DAS ZU G\u00dcNSTIGEN KONDITIONEN<\/strong><\/p>\n\n\n\n<p>Wenn Sie m\u00f6chten, bekommen Sie bei uns Ihre &#8222;schl\u00fcsselfertige&#8220; L\u00f6sung. Wir realisieren Ihre Ideen, ohne dass Sie sich um Technik oder Formalit\u00e4ten k\u00fcmmern m\u00fcssen. Angefangen mit der Registrierung Ihres Domainnamens, \u00fcber die  Erstellung Ihrer Internetseiten, bis hin zur Entgegennahme und Weiterleitung von Kundenanfragen erhalten Sie von uns so viel Service, wie Sie m\u00f6chten. Lassen Sie sich von unserem vorteilhaften Preis- Leistungsverh\u00e4ltnis \u00fcberzeugen, und rufen Sie uns an oder schicken uns eine Mail.<\/p>\n","protected":false},"excerpt":{"rendered":"<p>Sie m\u00f6chten Ihr Unternehmen im Internet pr\u00e4sentieren ? Wir entwickeln und gestalten seit 1998 Internetauftritte Unser Spektrum erstreckt sich von der kleinen Firmenpr\u00e4sentation mit wenigen Seiten bis hin zu einer umfangreichen Website mit der Sie Ihr Unternehmen ansprechend repr\u00e4sentieren. Mit einem Shop-System k\u00f6nnen Sie Ihre Waren oder Dienstleistungen im Internet verkaufen. Kundenn\u00e4he und Serviceorientierung haben [&hellip;]<\/p>\n","protected":false},"author":1,"featured_media":0,"parent":0,"menu_order":0,"comment_status":"closed","ping_status":"closed","template":"","meta":[],"_links":{"self":[{"href":"https:\/\/pixelpunkt.com\/index.php?rest_route=\/wp\/v2\/pages\/24"}],"collection":[{"href":"https:\/\/pixelpunkt.com\/index.php?rest_route=\/wp\/v2\/pages"}],"about":[{"href":"https:\/\/pixelpunkt.com\/index.php?rest_route=\/wp\/v2\/types\/page"}],"author":[{"embeddable":true,"href":"https:\/\/pixelpunkt.com\/index.php?rest_route=\/wp\/v2\/users\/1"}],"replies":[{"embeddable":true,"href":"https:\/\/pixelpunkt.com\/index.php?rest_route=%2Fwp%2Fv2%2Fcomments&post=24"}],"version-history":[{"count":3,"href":"https:\/\/pixelpunkt.com\/index.php?rest_route=\/wp\/v2\/pages\/24\/revisions"}],"predecessor-version":[{"id":285,"href":"https:\/\/pixelpunkt.com\/index.php?rest_route=\/wp\/v2\/pages\/24\/revisions\/285"}],"wp:attachment":[{"href":"https:\/\/pixelpunkt.com\/index.php?rest_route=%2Fwp%2Fv2%2Fmedia&parent=24"}],"curies":[{"name":"wp","href":"https:\/\/api.w.org\/{rel}","templated":true}]}}