{"id":26,"date":"2020-02-09T17:42:41","date_gmt":"2020-02-09T17:42:41","guid":{"rendered":"http:\/\/pixelpunkt.com\/?page_id=26"},"modified":"2023-11-13T17:19:24","modified_gmt":"2023-11-13T17:19:24","slug":"referenzen","status":"publish","type":"page","link":"https:\/\/pixelpunkt.com\/?page_id=26","title":{"rendered":"Referenzen"},"content":{"rendered":"\n<div class=\"wp-block-media-text alignwide has-media-on-the-right is-stacked-on-mobile\"><figure class=\"wp-block-media-text__media\"><img loading=\"lazy\" width=\"500\" height=\"281\" src=\"https:\/\/pixelpunkt.com\/wp-content\/uploads\/2020\/02\/thalasso_500.jpg\" alt=\"\" class=\"wp-image-96 size-full\" srcset=\"https:\/\/pixelpunkt.com\/wp-content\/uploads\/2020\/02\/thalasso_500.jpg 500w, https:\/\/pixelpunkt.com\/wp-content\/uploads\/2020\/02\/thalasso_500-300x169.jpg 300w\" sizes=\"(max-width: 500px) 100vw, 500px\" \/><\/figure><div class=\"wp-block-media-text__content\">\n<p><strong>Thalasso24<\/strong><\/p>\n\n\n\n<p>Online-Shop f\u00fcr den Vertrieb von Thalasso Produkten mit Warenkorbsystem.<\/p>\n\n\n\n<p><a href=\"http:\/\/www.thalasso24.de\/\" target=\"_blank\" rel=\"noreferrer noopener\">www.thalasso24.de<\/a><\/p>\n<\/div><\/div>\n\n\n\n<div style=\"height:100px\" aria-hidden=\"true\" class=\"wp-block-spacer\"><\/div>\n\n\n\n<div class=\"wp-block-media-text alignwide has-media-on-the-right is-stacked-on-mobile\"><figure class=\"wp-block-media-text__media\"><img loading=\"lazy\" width=\"500\" height=\"281\" src=\"https:\/\/pixelpunkt.com\/wp-content\/uploads\/2020\/02\/marlittsophie_500.jpg\" alt=\"\" class=\"wp-image-100 size-full\" srcset=\"https:\/\/pixelpunkt.com\/wp-content\/uploads\/2020\/02\/marlittsophie_500.jpg 500w, https:\/\/pixelpunkt.com\/wp-content\/uploads\/2020\/02\/marlittsophie_500-300x169.jpg 300w\" sizes=\"(max-width: 500px) 100vw, 500px\" \/><\/figure><div class=\"wp-block-media-text__content\">\n<p><strong>Marlittsophie<\/strong><\/p>\n\n\n\n<p>Internetauftritt mit Fotografen-Portfolio.<\/p>\n\n\n\n<p><a href=\"http:\/\/www.marlittsophie.de\/\" target=\"_blank\" rel=\"noreferrer noopener\">www.marlittsophie.de<\/a><\/p>\n<\/div><\/div>\n\n\n\n<div style=\"height:100px\" aria-hidden=\"true\" class=\"wp-block-spacer\"><\/div>\n\n\n\n<div class=\"wp-block-media-text alignwide has-media-on-the-right is-stacked-on-mobile\"><figure class=\"wp-block-media-text__media\"><img loading=\"lazy\" width=\"500\" height=\"281\" src=\"https:\/\/pixelpunkt.com\/wp-content\/uploads\/2020\/02\/ars_500.jpg\" alt=\"\" class=\"wp-image-109 size-full\" srcset=\"https:\/\/pixelpunkt.com\/wp-content\/uploads\/2020\/02\/ars_500.jpg 500w, https:\/\/pixelpunkt.com\/wp-content\/uploads\/2020\/02\/ars_500-300x169.jpg 300w\" sizes=\"(max-width: 500px) 100vw, 500px\" \/><\/figure><div class=\"wp-block-media-text__content\">\n<p><strong>Abendrealschule Bonn<\/strong><\/p>\n\n\n\n<p>Online-Pr\u00e4sentation der Abendrealschule Bonn.<\/p>\n\n\n\n<p><a href=\"http:\/\/www.abendrealschule-bonn.de\/\" target=\"_blank\" rel=\"noreferrer noopener\">www.abendrealschule-bonn.de<\/a><\/p>\n<\/div><\/div>\n\n\n\n<div style=\"height:100px\" aria-hidden=\"true\" class=\"wp-block-spacer\"><\/div>\n\n\n\n<div class=\"wp-block-media-text alignwide has-media-on-the-right is-stacked-on-mobile\"><figure class=\"wp-block-media-text__media\"><img loading=\"lazy\" width=\"1024\" height=\"576\" src=\"https:\/\/pixelpunkt.com\/wp-content\/uploads\/2020\/02\/medizintechnik-1024x576.jpg\" alt=\"\" class=\"wp-image-117 size-full\" srcset=\"https:\/\/pixelpunkt.com\/wp-content\/uploads\/2020\/02\/medizintechnik-1024x576.jpg 1024w, https:\/\/pixelpunkt.com\/wp-content\/uploads\/2020\/02\/medizintechnik-300x169.jpg 300w, https:\/\/pixelpunkt.com\/wp-content\/uploads\/2020\/02\/medizintechnik-768x432.jpg 768w, https:\/\/pixelpunkt.com\/wp-content\/uploads\/2020\/02\/medizintechnik-1110x624.jpg 1110w, https:\/\/pixelpunkt.com\/wp-content\/uploads\/2020\/02\/medizintechnik-528x297.jpg 528w, https:\/\/pixelpunkt.com\/wp-content\/uploads\/2020\/02\/medizintechnik.jpg 1920w\" sizes=\"(max-width: 1024px) 100vw, 1024px\" \/><\/figure><div class=\"wp-block-media-text__content\">\n<p><strong>Medizintechnik Pohl<\/strong><\/p>\n\n\n\n<p>Pr\u00e4sentation einer Medizintechnikfirma aus dem Gro\u00dfraum Bonn \/ K\u00f6ln.<\/p>\n\n\n\n<p><a href=\"http:\/\/www.mt-pohl.de\/\" target=\"_blank\" rel=\"noreferrer noopener\">www.mt-pohl.de<\/a><\/p>\n<\/div><\/div>\n\n\n\n<div style=\"height:100px\" aria-hidden=\"true\" class=\"wp-block-spacer\"><\/div>\n\n\n\n<div class=\"wp-block-media-text alignwide has-media-on-the-right is-stacked-on-mobile\"><figure class=\"wp-block-media-text__media\"><img loading=\"lazy\" width=\"500\" height=\"281\" src=\"https:\/\/pixelpunkt.com\/wp-content\/uploads\/2020\/02\/kalender-fotografie_500.jpg\" alt=\"\" class=\"wp-image-120 size-full\" srcset=\"https:\/\/pixelpunkt.com\/wp-content\/uploads\/2020\/02\/kalender-fotografie_500.jpg 500w, https:\/\/pixelpunkt.com\/wp-content\/uploads\/2020\/02\/kalender-fotografie_500-300x169.jpg 300w\" sizes=\"(max-width: 500px) 100vw, 500px\" \/><\/figure><div class=\"wp-block-media-text__content\">\n<p><strong>Kalender-Fotografie<\/strong><\/p>\n\n\n\n<p>Online-Shop f\u00fcr den Vertrieb von Fotoprodukten mit Warenkorbsystem.<\/p>\n\n\n\n<p><a href=\"http:\/\/www.kalender-fotografie.de\/\" target=\"_blank\" rel=\"noreferrer noopener\">www.kalender-fotografie.de<\/a><\/p>\n<\/div><\/div>\n","protected":false},"excerpt":{"rendered":"<p>Thalasso24 Online-Shop f\u00fcr den Vertrieb von Thalasso Produkten mit Warenkorbsystem. www.thalasso24.de Marlittsophie Internetauftritt mit Fotografen-Portfolio. www.marlittsophie.de Abendrealschule Bonn Online-Pr\u00e4sentation der Abendrealschule Bonn. www.abendrealschule-bonn.de Medizintechnik Pohl Pr\u00e4sentation einer Medizintechnikfirma aus dem Gro\u00dfraum Bonn \/ K\u00f6ln. www.mt-pohl.de Kalender-Fotografie Online-Shop f\u00fcr den Vertrieb von Fotoprodukten mit Warenkorbsystem. www.kalender-fotografie.de<\/p>\n","protected":false},"author":1,"featured_media":0,"parent":0,"menu_order":0,"comment_status":"closed","ping_status":"closed","template":"","meta":[],"_links":{"self":[{"href":"https:\/\/pixelpunkt.com\/index.php?rest_route=\/wp\/v2\/pages\/26"}],"collection":[{"href":"https:\/\/pixelpunkt.com\/index.php?rest_route=\/wp\/v2\/pages"}],"about":[{"href":"https:\/\/pixelpunkt.com\/index.php?rest_route=\/wp\/v2\/types\/page"}],"author":[{"embeddable":true,"href":"https:\/\/pixelpunkt.com\/index.php?rest_route=\/wp\/v2\/users\/1"}],"replies":[{"embeddable":true,"href":"https:\/\/pixelpunkt.com\/index.php?rest_route=%2Fwp%2Fv2%2Fcomments&post=26"}],"version-history":[{"count":7,"href":"https:\/\/pixelpunkt.com\/index.php?rest_route=\/wp\/v2\/pages\/26\/revisions"}],"predecessor-version":[{"id":280,"href":"https:\/\/pixelpunkt.com\/index.php?rest_route=\/wp\/v2\/pages\/26\/revisions\/280"}],"wp:attachment":[{"href":"https:\/\/pixelpunkt.com\/index.php?rest_route=%2Fwp%2Fv2%2Fmedia&parent=26"}],"curies":[{"name":"wp","href":"https:\/\/api.w.org\/{rel}","templated":true}]}}